= 2*x. Suppose -4*o = -j + 7 - 28, 4*o - 5*j - x = 0. What is the remainder when 11 is divided by o?
5
Suppose 6 + 0 = 2*v. Let w = v - 0. What is the remainder when 8 is divided by w?
2
Let k = -76 - -40. Suppose 0*g - 70 = -g. Let x = g + k. What is the remainder when x is divided by 12?
10
Suppose 5*l = 17 - 2, -3*i + 3*l + 93 = 0. What is the remainder when i is divided by 9?
7
Suppose 0 = 2*p - 3*p + 54. Suppose l - p = -2*l. Let u = -3 + l. What is the remainder when 44 is divided by u?
14
Let j be 0 - 1/(1/438). Let g = -297 - j. What is the remainder when g*(-2)/(-18)*3 is divided by 16?
15
Suppose -6 = -2*j - 3*u, 2*j + u = j + 3. Let s = j + -2. Calculate the remainder when s is divided by 0/3*1 - -1.
0
Let g(q) = 4*q + 11 - 3*q + 9 - 5. Calculate the remainder when g(-7) is divided by 5.
3
Let m be (-1)/(-4) + 15/(-60). What is the remainder when 74 is divided by -1*(m + -16) - -3?
17
Let p(q) = 0*q - 1 - 4 + 3*q. Suppose -k + 3*k - 38 = 0. What is the remainder when k is divided by p(4)?
5
Let n(i) = i - 6. Let y be n(6). Let g(w) = -4*w. Calculate the remainder when g(-4) is divided by -1*(y/(-2) - 9).
7
Let b(m) = -6*m. Let o be b(-5). Suppose -2*j + o = j. Calculate the remainder when 28 is divided by j.
8
Suppose 0 = -6*l - 122 + 320. What is the remainder when l is divided by 5?
3
Calculate the remainder when (24/(-16))/(6/(-56)) is divided by 8.
6
Suppose 3*u = -n + 6*u + 5, -4*n - 4*u + 100 = 0. Calculate the remainder when 39 is divided by n.
19
Suppose -5*d = -3*l - 15, -5*d - 3*l = -5 + 20. Let n = 3 - d. Calculate the remainder when 9 is divided by n.
0
Suppose 0 = 9*d - 109 - 125. What is the remainder when d is divided by 9?
8
Suppose -2*k = -4*x - 14, 0*x + 20 = 4*k - 4*x. Suppose 128 = 4*l - 4*f, l - 142 = -k*l - 3*f. What is the remainder when l is divided by 9?
7
Let p = -13 + 30. What is the remainder when 31 is divided by p?
14
Suppose 6*j = 151 + 149. Calculate the remainder when j is divided by 13.
11
Suppose u - 5 = 2. Calculate the remainder when 20 is divided by u.
6
Let n = 23 - -85. What is the remainder when n is divided by 28?
24
Let y be 1956/15*(-20)/(-8). Let g = y - 215. Calculate the remainder when g is divided by 28.
27
Suppose 0 = -2*p - 10 + 182. Calculate the remainder when p is divided by 18.
14
Let j be 191/(-9) - (-2)/9. Let k = j + 36. Suppose -2*u - 5*h = -68, -h - 116 = -4*u - 2. Calculate the remainder when u is divided by k.
14
Let r = -33 + 6. Let h be (-4)/18 - 60/r. Suppose 0 = h*s - 5*z - 14, -4*s + 4*z + 7 = -3*s. What is the remainder when 20 is divided by s?
6
Let f(q) = -4*q + 9. Calculate the remainder when f(-9) is divided by 14.
3
Let d(v) be the first derivative of -4*v**3/3 - 9*v**2/2 + v - 4. Let p(g) be the first derivative of d(g). Calculate the remainder when p(-7) is divided by 24.
23
Let z = -6 - -11. Suppose 3*o - 209 = -4*h - 3, -258 = -z*h - 4*o. Suppose -2*a = 5*p - 62, 3*p - 4*a = -2*a + h. What is the remainder when p is divided by 5?
4
Suppose -4*o + 49 = 5*u, -3*u - 41 = o - 5*o. Let s = -77 + 136. Suppose -s - 101 = -5*i. What is the remainder when i is divided by o?
10
Suppose -17 = -2*v + 3. Calculate the remainder when v is divided by 3.
1
Suppose 2*b - b - 361 = -4*h, 2*h - 188 = -2*b. Suppose 11*d - 368 = -5*d. Calculate the remainder when h is divided by d.
20
Suppose 0 = 4*q - 0*q - 64. Suppose -3*w + q = w. Let j = w - -10. What is the remainder when j is divided by 4?
2
Suppose 20 = 5*b + 55. Let r = b - -19. Calculate the remainder when 23 is divided by r.
11
Suppose -61 = 15*i - 871. Calculate the remainder when i is divided by 19.
16
Let t be 2*(1 - (2 - -1)). What is the remainder when 27 is divided by ((-21)/t)/(18/48)?
13
Suppose 4*g - 76 = -3*i, 102 = 5*i - i + 5*g. Suppose 52 = 5*r + u, u + i = -4*r + 70. Calculate the remainder when 4*(15/4 - -1) is divided by r.
9
Let b = -13 - -14. Suppose -3*m + 2 = 5*q, -4*q - 5 - 3 = 0. Suppose -b = o - 4*t - 14, -m*o = 2*t - 16. Calculate the remainder when 13 is divided by o.
3
Let r = 31 - 16. Let c(y) = -y**2 + 19*y - 7. What is the remainder when c(r) is divided by 27?
26
Calculate the remainder when (-522)/(-10) - 6/30 is divided by 11.
8
Let q be (-1)/((-2)/2)*2. Let j(h) = h**2 + h + 2. Let o be j(-2). Let a = q + o. Calculate the remainder when 9 is divided by a.
3
Suppose -2*p = -5*o + 9, -4*p + 6 = -6. Let d(b) = -b**3 + 6*b**2 + 8*b - 5. Let w be d(7). Calculate the remainder when (-14)/w*(-2 + 1) is divided by o.
1
Suppose 0 = c + 3*z - 22, 5*z = 3*z - 8. Suppose 17*u - 9*u = 520. What is the remainder when u is divided by c?
31
Let y = 46 + -28. Calculate the remainder when 33 is divided by y.
15
Calculate the remainder when 19 - 6*(-6)/9 is divided by 13.
10
Suppose 3*x - 3*m = 105, 0*x - x + 5*m = -15. Suppose -y = -4 - 17. What is the remainder when x is divided by y?
19
Let y(l) = 2*l**3 - 9*l**2 - 3*l - 7. What is the remainder when y(6) is divided by 43?
40
Suppose 3*p + 63 = -0. Calculate the remainder when p/35*(-65 + 0) is divided by (0 - -1)/(2/40).
19
Let i = 26 + -18. What is the remainder when 21 is divided by i?
5
Let d = 169 - 123. Calculate the remainder when d is divided by 24.
22
Let t = -7 + 9. Suppose -5*z + 4*o - t*o = -69, 2*o = z - 9. Calculate the remainder when z is divided by 4.
3
Let r = 42 - 25. Let o = -13 + 13. Suppose o = f + 3*f - 36. What is the remainder when r is divided by f?
8
Let i = 22 - 15. Let b(v) = 11*v. What is the remainder when b(i) is divided by 26?
25
Let h(j) = 2*j**2 - 29*j + 29. Calculate the remainder when h(22) is divided by 15.
14
Suppose -c = -3*y - 48, 2*c + 92 = 4*c - 5*y. What is the remainder when c is divided by 13?
10
Suppose 2*z + 3*y = -4, 6 = -z - 4*y - 1. Let r = 6 - z. Calculate the remainder when 7 is divided by r.
2
Suppose -a = -2*a + 2*t + 30, 3*a - 2*t - 86 = 0. Suppose 0 = 5*n - n - a. Calculate the remainder when n is divided by (6/(-15))/(2/(-10)).
1
Let m be 2*(-5)/(-2)*13. Suppose 0 = -5*b - 0*b + m. Let n(a) = -2*a - 9. Calculate the remainder when b is divided by n(-7).
3
Suppose 4*d + 36 = 3*s, -5*d - 33 = -3*s + 6. What is the remainder when 29 is divided by s?
5
Let k = 2 - 6. Calculate the remainder when 14 is divided by (k/3)/(6/(-18)).
2
Let o = 961 + -466. Suppose -5*m + o = 95. Suppose 3*r = -r + m. What is the remainder when 58 is divided by r?
18
Let c(z) = z**3 - 6*z**2 - 2*z - 7. Let a(p) = -2*p - 34. Calculate the remainder when c(7) is divided by a(-20).
4
Let f(z) be the second derivative of -z**5/20 + z**4/2 + 4*z**3/3 + z**2 - 5*z. Calculate the remainder when 26 is divided by f(7).
8
Let i(v) = -v**2 + 8*v - 7. Let l be i(7). Let a be -2 + l + -1 + 12. Suppose -h + 6 = -a. What is the remainder when 27 is divided by h?
12
What is the remainder when 31 is divided by 34/(10/5) + (-1 - -2)?
13
Calculate the remainder when 54 is divided by (-1)/(1/(-24)) - 4.
14
Let l = -19 - -28. What is the remainder when l is divided by 6?
3
Let r(m) = m**3 - 7*m**2 + 5*m - 2. Suppose 2*b + 2*v = 4*b, 0 = 4*b + v - 25. Let l be r(b). Let y = l - -41. Calculate the remainder when y is divided by 5.
4
Let k = 47 + -6. Suppose -k + 15 = -2*l. What is the remainder when 63 is divided by l?
11
Let b(c) = c**3 - 7*c**2 + 8*c + 1. Let j = -78 + 83. What is the remainder when b(6) is divided by j?
3
Suppose -4*m + 6*u + 118 = 4*u, 4*u + 33 = m. Let x be (-18)/5 - (-8)/(-20). Calculate the remainder when m is divided by (x - -1)*10/(-3).
9
Let a(s) = s - s**2 + 0*s**3 + 8*s**3 + 0*s. Calculate the remainder when a(1) is divided by 5 + (-4 - -2 - -2).
3
Suppose 10*n = 5*n + 25. Suppose -11 = n*c + 29. Let a(k) = -2*k. What is the remainder when 31 is divided by a(c)?
15
Suppose 5*i - 10 = 0, -7*p - 4*i + 114 = -6*p. What is the remainder when p is divided by 36?
34
Calculate the remainder when (-63)/18*40/(-14) is divided by 6.
4
Suppose -127 - 98 = -5*c. Let z = 26 + -10. Calculate the remainder when c is divided by z.
13
Suppose -z + 25 = 4*z. Suppose -3*c - z = -14. What is the remainder when 4 is divided by c?
1
Let g be 16/(-12)*18/(-4). Suppose 4*q = 2*x + 146, g*q - 3*q = -4*x + 93. Let h = -5 - -17. What is the remainder when q is divided by h?
11
Let h be ((-18)/(-5))/(14/35). Let c = -7 + h. What is the remai